{"id":230,"date":"2024-02-13T23:37:44","date_gmt":"2024-02-14T02:37:44","guid":{"rendered":"http:\/\/bioxel.com.uy\/web\/?post_type=product&#038;p=230"},"modified":"2024-03-31T20:29:29","modified_gmt":"2024-03-31T23:29:29","slug":"platsul-a-crema","status":"publish","type":"product","link":"https:\/\/bioxel.com.uy\/web\/product\/platsul-a-crema\/","title":{"rendered":"PLATSUL-A CREMA"},"content":{"rendered":"<p>\u2022\tComposici\u00f3n: Sulfadiazina de Plata, Vitamina A y Lidoca\u00edna.<br \/>\n\u2022\tComponentes Nanoparticulados.<br \/>\n\u2022\tPresentaci\u00f3n: Pomo conteniendo30, 100 y 200 gramos.<br \/>\n\u2022\tMarca: Soubeiran Chobet(Argentina).<br \/>\n\u2022\tAcci\u00f3n terap\u00e9utica: Tratamiento de quemaduras y heridas.<\/p>\n","protected":false},"excerpt":{"rendered":"<p>SULFADIAZINA DE PLATA \u2013 VITAMINA A \u2013 LIDOCAINA<br \/>\nCada 100 g contiene:<br \/>\nSulfadiazina de Plata &#8230;&#8230;&#8230;1g<br \/>\nVitamina A&#8230;&#8230;&#8230;&#8230;&#8230;. 248.000 UI<br \/>\nLidoca\u00edna&#8230;&#8230;&#8230;&#8230;&#8230;&#8230;. 0,666 g<br \/>\nPresentaci\u00f3n<br \/>\nPomo por 30, 100 y 200 grs. \/ Pote por 350 y 800 grs.<\/p>\n<p>ACCION TERAPEUTICA<br \/>\nAntimicrobiano. Bactericida. Bacteriost\u00e1tico. Cicatrizante. Anest\u00e9sico local.<\/p>\n<p>INDICACIONES<br \/>\nTratamiento local de heridas de diversa etiolog\u00eda, tanto agudas como cr\u00f3nicas, (en especial quemaduras de primer y segundo grado).<\/p>\n","protected":false},"featured_media":231,"comment_status":"open","ping_status":"closed","template":"","meta":{"inline_featured_image":false,"_monsterinsights_skip_tracking":false,"_monsterinsights_sitenote_active":false,"_monsterinsights_sitenote_note":"","_monsterinsights_sitenote_category":0},"pwb-brand":[37],"product_brand":[],"product_cat":[49,45],"product_tag":[],"class_list":{"0":"post-230","1":"product","2":"type-product","3":"status-publish","4":"has-post-thumbnail","6":"pwb-brand-plastula","7":"product_cat-cuidado-heridas","8":"product_cat-pharma","10":"first","11":"instock","12":"shipping-taxable","13":"product-type-simple"},"yoast_head":"<!-- This site is optimized with the Yoast SEO plugin v25.4 - https:\/\/yoast.com\/wordpress\/plugins\/seo\/ -->\n<title>PLATSUL-A CREMA - Bioxel<\/title>\n<meta name=\"robots\" content=\"index, follow, max-snippet:-1, max-image-preview:large, max-video-preview:-1\" \/>\n<link rel=\"canonical\" href=\"https:\/\/bioxel.com.uy\/web\/product\/platsul-a-crema\/\" \/>\n<meta property=\"og:locale\" content=\"es_ES\" \/>\n<meta property=\"og:type\" content=\"article\" \/>\n<meta property=\"og:title\" content=\"PLATSUL-A CREMA - Bioxel\" \/>\n<meta property=\"og:description\" content=\"SULFADIAZINA DE PLATA \u2013 VITAMINA A \u2013 LIDOCAINA Cada 100 g contiene: Sulfadiazina de Plata .........1g Vitamina A................ 248.000 UI Lidoca\u00edna................... 0,666 g Presentaci\u00f3n Pomo por 30, 100 y 200 grs. \/ Pote por 350 y 800 grs.  ACCION TERAPEUTICA Antimicrobiano. Bactericida. Bacteriost\u00e1tico. Cicatrizante. Anest\u00e9sico local.  INDICACIONES Tratamiento local de heridas de diversa etiolog\u00eda, tanto agudas como cr\u00f3nicas, (en especial quemaduras de primer y segundo grado).\" \/>\n<meta property=\"og:url\" content=\"https:\/\/bioxel.com.uy\/web\/product\/platsul-a-crema\/\" \/>\n<meta property=\"og:site_name\" content=\"Bioxel\" \/>\n<meta property=\"article:publisher\" content=\"https:\/\/www.facebook.com\/p\/Bioxel-Uruguay-100075156665285\/\" \/>\n<meta property=\"article:modified_time\" content=\"2024-03-31T23:29:29+00:00\" \/>\n<meta property=\"og:image\" content=\"https:\/\/bioxel.com.uy\/web\/wp-content\/uploads\/2024\/02\/PLATSUL-A-CREMA.png\" \/>\n\t<meta property=\"og:image:width\" content=\"929\" \/>\n\t<meta property=\"og:image:height\" content=\"855\" \/>\n\t<meta property=\"og:image:type\" content=\"image\/png\" \/>\n<meta name=\"twitter:card\" content=\"summary_large_image\" \/>\n<script type=\"application\/ld+json\" class=\"yoast-schema-graph\">{\"@context\":\"https:\/\/schema.org\",\"@graph\":[{\"@type\":\"WebPage\",\"@id\":\"https:\/\/bioxel.com.uy\/web\/product\/platsul-a-crema\/\",\"url\":\"https:\/\/bioxel.com.uy\/web\/product\/platsul-a-crema\/\",\"name\":\"PLATSUL-A CREMA - Bioxel\",\"isPartOf\":{\"@id\":\"https:\/\/bioxel.com.uy\/web\/#website\"},\"primaryImageOfPage\":{\"@id\":\"https:\/\/bioxel.com.uy\/web\/product\/platsul-a-crema\/#primaryimage\"},\"image\":{\"@id\":\"https:\/\/bioxel.com.uy\/web\/product\/platsul-a-crema\/#primaryimage\"},\"thumbnailUrl\":\"https:\/\/bioxel.com.uy\/web\/wp-content\/uploads\/2024\/02\/PLATSUL-A-CREMA.png\",\"datePublished\":\"2024-02-14T02:37:44+00:00\",\"dateModified\":\"2024-03-31T23:29:29+00:00\",\"breadcrumb\":{\"@id\":\"https:\/\/bioxel.com.uy\/web\/product\/platsul-a-crema\/#breadcrumb\"},\"inLanguage\":\"es\",\"potentialAction\":[{\"@type\":\"ReadAction\",\"target\":[\"https:\/\/bioxel.com.uy\/web\/product\/platsul-a-crema\/\"]}]},{\"@type\":\"ImageObject\",\"inLanguage\":\"es\",\"@id\":\"https:\/\/bioxel.com.uy\/web\/product\/platsul-a-crema\/#primaryimage\",\"url\":\"https:\/\/bioxel.com.uy\/web\/wp-content\/uploads\/2024\/02\/PLATSUL-A-CREMA.png\",\"contentUrl\":\"https:\/\/bioxel.com.uy\/web\/wp-content\/uploads\/2024\/02\/PLATSUL-A-CREMA.png\",\"width\":929,\"height\":855},{\"@type\":\"BreadcrumbList\",\"@id\":\"https:\/\/bioxel.com.uy\/web\/product\/platsul-a-crema\/#breadcrumb\",\"itemListElement\":[{\"@type\":\"ListItem\",\"position\":1,\"name\":\"Portada\",\"item\":\"https:\/\/bioxel.com.uy\/web\/\"},{\"@type\":\"ListItem\",\"position\":2,\"name\":\"Shop\",\"item\":\"https:\/\/bioxel.com.uy\/web\/shop\/\"},{\"@type\":\"ListItem\",\"position\":3,\"name\":\"PLATSUL-A CREMA\"}]},{\"@type\":\"WebSite\",\"@id\":\"https:\/\/bioxel.com.uy\/web\/#website\",\"url\":\"https:\/\/bioxel.com.uy\/web\/\",\"name\":\"Laboratorio de Medicamentos Bioxel S.A.\",\"description\":\"Bioxel S.A.\",\"publisher\":{\"@id\":\"https:\/\/bioxel.com.uy\/web\/#organization\"},\"alternateName\":\"Laboratorio Bioxel S.A.\",\"potentialAction\":[{\"@type\":\"SearchAction\",\"target\":{\"@type\":\"EntryPoint\",\"urlTemplate\":\"https:\/\/bioxel.com.uy\/web\/?s={search_term_string}\"},\"query-input\":{\"@type\":\"PropertyValueSpecification\",\"valueRequired\":true,\"valueName\":\"search_term_string\"}}],\"inLanguage\":\"es\"},{\"@type\":\"Organization\",\"@id\":\"https:\/\/bioxel.com.uy\/web\/#organization\",\"name\":\"Laboratorio Bioxel S.A\",\"alternateName\":\"Bioxel\",\"url\":\"https:\/\/bioxel.com.uy\/web\/\",\"logo\":{\"@type\":\"ImageObject\",\"inLanguage\":\"es\",\"@id\":\"https:\/\/bioxel.com.uy\/web\/#\/schema\/logo\/image\/\",\"url\":\"https:\/\/bioxel.com.uy\/web\/wp-content\/uploads\/2024\/02\/BIOXEL-LOGO-NEW.png\",\"contentUrl\":\"https:\/\/bioxel.com.uy\/web\/wp-content\/uploads\/2024\/02\/BIOXEL-LOGO-NEW.png\",\"width\":1792,\"height\":790,\"caption\":\"Laboratorio Bioxel S.A\"},\"image\":{\"@id\":\"https:\/\/bioxel.com.uy\/web\/#\/schema\/logo\/image\/\"},\"sameAs\":[\"https:\/\/www.facebook.com\/p\/Bioxel-Uruguay-100075156665285\/\"]}]}<\/script>\n<!-- \/ Yoast SEO plugin. -->","yoast_head_json":{"title":"PLATSUL-A CREMA - Bioxel","robots":{"index":"index","follow":"follow","max-snippet":"max-snippet:-1","max-image-preview":"max-image-preview:large","max-video-preview":"max-video-preview:-1"},"canonical":"https:\/\/bioxel.com.uy\/web\/product\/platsul-a-crema\/","og_locale":"es_ES","og_type":"article","og_title":"PLATSUL-A CREMA - Bioxel","og_description":"SULFADIAZINA DE PLATA \u2013 VITAMINA A \u2013 LIDOCAINA Cada 100 g contiene: Sulfadiazina de Plata .........1g Vitamina A................ 248.000 UI Lidoca\u00edna................... 0,666 g Presentaci\u00f3n Pomo por 30, 100 y 200 grs. \/ Pote por 350 y 800 grs.  ACCION TERAPEUTICA Antimicrobiano. Bactericida. Bacteriost\u00e1tico. Cicatrizante. Anest\u00e9sico local.  INDICACIONES Tratamiento local de heridas de diversa etiolog\u00eda, tanto agudas como cr\u00f3nicas, (en especial quemaduras de primer y segundo grado).","og_url":"https:\/\/bioxel.com.uy\/web\/product\/platsul-a-crema\/","og_site_name":"Bioxel","article_publisher":"https:\/\/www.facebook.com\/p\/Bioxel-Uruguay-100075156665285\/","article_modified_time":"2024-03-31T23:29:29+00:00","og_image":[{"width":929,"height":855,"url":"https:\/\/bioxel.com.uy\/web\/wp-content\/uploads\/2024\/02\/PLATSUL-A-CREMA.png","type":"image\/png"}],"twitter_card":"summary_large_image","schema":{"@context":"https:\/\/schema.org","@graph":[{"@type":"WebPage","@id":"https:\/\/bioxel.com.uy\/web\/product\/platsul-a-crema\/","url":"https:\/\/bioxel.com.uy\/web\/product\/platsul-a-crema\/","name":"PLATSUL-A CREMA - Bioxel","isPartOf":{"@id":"https:\/\/bioxel.com.uy\/web\/#website"},"primaryImageOfPage":{"@id":"https:\/\/bioxel.com.uy\/web\/product\/platsul-a-crema\/#primaryimage"},"image":{"@id":"https:\/\/bioxel.com.uy\/web\/product\/platsul-a-crema\/#primaryimage"},"thumbnailUrl":"https:\/\/bioxel.com.uy\/web\/wp-content\/uploads\/2024\/02\/PLATSUL-A-CREMA.png","datePublished":"2024-02-14T02:37:44+00:00","dateModified":"2024-03-31T23:29:29+00:00","breadcrumb":{"@id":"https:\/\/bioxel.com.uy\/web\/product\/platsul-a-crema\/#breadcrumb"},"inLanguage":"es","potentialAction":[{"@type":"ReadAction","target":["https:\/\/bioxel.com.uy\/web\/product\/platsul-a-crema\/"]}]},{"@type":"ImageObject","inLanguage":"es","@id":"https:\/\/bioxel.com.uy\/web\/product\/platsul-a-crema\/#primaryimage","url":"https:\/\/bioxel.com.uy\/web\/wp-content\/uploads\/2024\/02\/PLATSUL-A-CREMA.png","contentUrl":"https:\/\/bioxel.com.uy\/web\/wp-content\/uploads\/2024\/02\/PLATSUL-A-CREMA.png","width":929,"height":855},{"@type":"BreadcrumbList","@id":"https:\/\/bioxel.com.uy\/web\/product\/platsul-a-crema\/#breadcrumb","itemListElement":[{"@type":"ListItem","position":1,"name":"Portada","item":"https:\/\/bioxel.com.uy\/web\/"},{"@type":"ListItem","position":2,"name":"Shop","item":"https:\/\/bioxel.com.uy\/web\/shop\/"},{"@type":"ListItem","position":3,"name":"PLATSUL-A CREMA"}]},{"@type":"WebSite","@id":"https:\/\/bioxel.com.uy\/web\/#website","url":"https:\/\/bioxel.com.uy\/web\/","name":"Laboratorio de Medicamentos Bioxel S.A.","description":"Bioxel S.A.","publisher":{"@id":"https:\/\/bioxel.com.uy\/web\/#organization"},"alternateName":"Laboratorio Bioxel S.A.","potentialAction":[{"@type":"SearchAction","target":{"@type":"EntryPoint","urlTemplate":"https:\/\/bioxel.com.uy\/web\/?s={search_term_string}"},"query-input":{"@type":"PropertyValueSpecification","valueRequired":true,"valueName":"search_term_string"}}],"inLanguage":"es"},{"@type":"Organization","@id":"https:\/\/bioxel.com.uy\/web\/#organization","name":"Laboratorio Bioxel S.A","alternateName":"Bioxel","url":"https:\/\/bioxel.com.uy\/web\/","logo":{"@type":"ImageObject","inLanguage":"es","@id":"https:\/\/bioxel.com.uy\/web\/#\/schema\/logo\/image\/","url":"https:\/\/bioxel.com.uy\/web\/wp-content\/uploads\/2024\/02\/BIOXEL-LOGO-NEW.png","contentUrl":"https:\/\/bioxel.com.uy\/web\/wp-content\/uploads\/2024\/02\/BIOXEL-LOGO-NEW.png","width":1792,"height":790,"caption":"Laboratorio Bioxel S.A"},"image":{"@id":"https:\/\/bioxel.com.uy\/web\/#\/schema\/logo\/image\/"},"sameAs":["https:\/\/www.facebook.com\/p\/Bioxel-Uruguay-100075156665285\/"]}]}},"brands":[{"id":37,"name":"PLATSUL-A","slug":"plastula"}],"_links":{"self":[{"href":"https:\/\/bioxel.com.uy\/web\/wp-json\/wp\/v2\/product\/230","targetHints":{"allow":["GET"]}}],"collection":[{"href":"https:\/\/bioxel.com.uy\/web\/wp-json\/wp\/v2\/product"}],"about":[{"href":"https:\/\/bioxel.com.uy\/web\/wp-json\/wp\/v2\/types\/product"}],"replies":[{"embeddable":true,"href":"https:\/\/bioxel.com.uy\/web\/wp-json\/wp\/v2\/comments?post=230"}],"version-history":[{"count":3,"href":"https:\/\/bioxel.com.uy\/web\/wp-json\/wp\/v2\/product\/230\/revisions"}],"predecessor-version":[{"id":680,"href":"https:\/\/bioxel.com.uy\/web\/wp-json\/wp\/v2\/product\/230\/revisions\/680"}],"wp:featuredmedia":[{"embeddable":true,"href":"https:\/\/bioxel.com.uy\/web\/wp-json\/wp\/v2\/media\/231"}],"wp:attachment":[{"href":"https:\/\/bioxel.com.uy\/web\/wp-json\/wp\/v2\/media?parent=230"}],"wp:term":[{"taxonomy":"pwb-brand","embeddable":true,"href":"https:\/\/bioxel.com.uy\/web\/wp-json\/wp\/v2\/pwb-brand?post=230"},{"taxonomy":"product_brand","embeddable":true,"href":"https:\/\/bioxel.com.uy\/web\/wp-json\/wp\/v2\/product_brand?post=230"},{"taxonomy":"product_cat","embeddable":true,"href":"https:\/\/bioxel.com.uy\/web\/wp-json\/wp\/v2\/product_cat?post=230"},{"taxonomy":"product_tag","embeddable":true,"href":"https:\/\/bioxel.com.uy\/web\/wp-json\/wp\/v2\/product_tag?post=230"}],"curies":[{"name":"wp","href":"https:\/\/api.w.org\/{rel}","templated":true}]}}