{"id":236,"date":"2024-02-13T23:42:05","date_gmt":"2024-02-14T02:42:05","guid":{"rendered":"http:\/\/bioxel.com.uy\/web\/?post_type=product&#038;p=236"},"modified":"2024-03-31T20:24:19","modified_gmt":"2024-03-31T23:24:19","slug":"curatec-hidrogel","status":"publish","type":"product","link":"https:\/\/bioxel.com.uy\/web\/product\/curatec-hidrogel\/","title":{"rendered":"CURATEC HIDROGEL"},"content":{"rendered":"<p>\u2022\tPresentaci\u00f3n: Caja conteniendo 24 pomo de30g.<br \/>\n\u2022\tMarca:Curatec(Brasil).<br \/>\n\u2022\tIndicaciones de uso: Gel est\u00e9ril con AGE (\u00c1cidos Grasos Esenciales), que permite finalizar el desbridamiento selectivo y ayuda con la granulaci\u00f3n. Mantiene el ambiente h\u00famedo ideal para un desbridamiento y curaci\u00f3n indoloros.<\/p>\n","protected":false},"excerpt":{"rendered":"<p>HIDROGEL + \u00c1CIDOS GRASOS ESENCIALES<br \/>\nCaja conteniendo 24 pomos de 30g cada uno.<\/p>\n<p>ACCI\u00d3N TERAP\u00c9UTICA<br \/>\nCuratec Hidrogel es un gel est\u00e9ril con AGE (\u00c1cidos Grasos Esenciales), que permite finalizar el desbridamiento autol\u00edtico selectivo y promueve el crecimiento del tejido de granulaci\u00f3n.<br \/>\nMantiene el ambiente h\u00famedo ideal para un desbridamiento y curaci\u00f3n indoloros.<\/p>\n<p>INDICACIONES<br \/>\nTratamiento en ambiente h\u00famedo de todo tipo de heridas donde se quiera promover el desbridamiento autol\u00edtico, el crecimiento del tejido de granulaci\u00f3n y la re-epitelizaci\u00f3n.<\/p>\n","protected":false},"featured_media":241,"comment_status":"open","ping_status":"closed","template":"","meta":{"inline_featured_image":false,"_monsterinsights_skip_tracking":false,"_monsterinsights_sitenote_active":false,"_monsterinsights_sitenote_note":"","_monsterinsights_sitenote_category":0},"pwb-brand":[38],"product_brand":[],"product_cat":[49,45],"product_tag":[],"class_list":{"0":"post-236","1":"product","2":"type-product","3":"status-publish","4":"has-post-thumbnail","6":"pwb-brand-curatec","7":"product_cat-cuidado-heridas","8":"product_cat-pharma","10":"first","11":"instock","12":"shipping-taxable","13":"product-type-simple"},"yoast_head":"<!-- This site is optimized with the Yoast SEO plugin v25.4 - https:\/\/yoast.com\/wordpress\/plugins\/seo\/ -->\n<title>CURATEC HIDROGEL - Bioxel<\/title>\n<meta name=\"robots\" content=\"index, follow, max-snippet:-1, max-image-preview:large, max-video-preview:-1\" \/>\n<link rel=\"canonical\" href=\"https:\/\/bioxel.com.uy\/web\/product\/curatec-hidrogel\/\" \/>\n<meta property=\"og:locale\" content=\"es_ES\" \/>\n<meta property=\"og:type\" content=\"article\" \/>\n<meta property=\"og:title\" content=\"CURATEC HIDROGEL - Bioxel\" \/>\n<meta property=\"og:description\" content=\"HIDROGEL + \u00c1CIDOS GRASOS ESENCIALES Caja conteniendo 24 pomos de 30g cada uno.  ACCI\u00d3N TERAP\u00c9UTICA Curatec Hidrogel es un gel est\u00e9ril con AGE (\u00c1cidos Grasos Esenciales), que permite finalizar el desbridamiento autol\u00edtico selectivo y promueve el crecimiento del tejido de granulaci\u00f3n. Mantiene el ambiente h\u00famedo ideal para un desbridamiento y curaci\u00f3n indoloros.  INDICACIONES Tratamiento en ambiente h\u00famedo de todo tipo de heridas donde se quiera promover el desbridamiento autol\u00edtico, el crecimiento del tejido de granulaci\u00f3n y la re-epitelizaci\u00f3n.\" \/>\n<meta property=\"og:url\" content=\"https:\/\/bioxel.com.uy\/web\/product\/curatec-hidrogel\/\" \/>\n<meta property=\"og:site_name\" content=\"Bioxel\" \/>\n<meta property=\"article:publisher\" content=\"https:\/\/www.facebook.com\/p\/Bioxel-Uruguay-100075156665285\/\" \/>\n<meta property=\"article:modified_time\" content=\"2024-03-31T23:24:19+00:00\" \/>\n<meta property=\"og:image\" content=\"https:\/\/bioxel.com.uy\/web\/wp-content\/uploads\/2024\/02\/CURATEC-HIDROGEL.png\" \/>\n\t<meta property=\"og:image:width\" content=\"598\" \/>\n\t<meta property=\"og:image:height\" content=\"231\" \/>\n\t<meta property=\"og:image:type\" content=\"image\/png\" \/>\n<meta name=\"twitter:card\" content=\"summary_large_image\" \/>\n<script type=\"application\/ld+json\" class=\"yoast-schema-graph\">{\"@context\":\"https:\/\/schema.org\",\"@graph\":[{\"@type\":\"WebPage\",\"@id\":\"https:\/\/bioxel.com.uy\/web\/product\/curatec-hidrogel\/\",\"url\":\"https:\/\/bioxel.com.uy\/web\/product\/curatec-hidrogel\/\",\"name\":\"CURATEC HIDROGEL - Bioxel\",\"isPartOf\":{\"@id\":\"https:\/\/bioxel.com.uy\/web\/#website\"},\"primaryImageOfPage\":{\"@id\":\"https:\/\/bioxel.com.uy\/web\/product\/curatec-hidrogel\/#primaryimage\"},\"image\":{\"@id\":\"https:\/\/bioxel.com.uy\/web\/product\/curatec-hidrogel\/#primaryimage\"},\"thumbnailUrl\":\"https:\/\/bioxel.com.uy\/web\/wp-content\/uploads\/2024\/02\/CURATEC-HIDROGEL.png\",\"datePublished\":\"2024-02-14T02:42:05+00:00\",\"dateModified\":\"2024-03-31T23:24:19+00:00\",\"breadcrumb\":{\"@id\":\"https:\/\/bioxel.com.uy\/web\/product\/curatec-hidrogel\/#breadcrumb\"},\"inLanguage\":\"es\",\"potentialAction\":[{\"@type\":\"ReadAction\",\"target\":[\"https:\/\/bioxel.com.uy\/web\/product\/curatec-hidrogel\/\"]}]},{\"@type\":\"ImageObject\",\"inLanguage\":\"es\",\"@id\":\"https:\/\/bioxel.com.uy\/web\/product\/curatec-hidrogel\/#primaryimage\",\"url\":\"https:\/\/bioxel.com.uy\/web\/wp-content\/uploads\/2024\/02\/CURATEC-HIDROGEL.png\",\"contentUrl\":\"https:\/\/bioxel.com.uy\/web\/wp-content\/uploads\/2024\/02\/CURATEC-HIDROGEL.png\",\"width\":598,\"height\":231},{\"@type\":\"BreadcrumbList\",\"@id\":\"https:\/\/bioxel.com.uy\/web\/product\/curatec-hidrogel\/#breadcrumb\",\"itemListElement\":[{\"@type\":\"ListItem\",\"position\":1,\"name\":\"Portada\",\"item\":\"https:\/\/bioxel.com.uy\/web\/\"},{\"@type\":\"ListItem\",\"position\":2,\"name\":\"Shop\",\"item\":\"https:\/\/bioxel.com.uy\/web\/shop\/\"},{\"@type\":\"ListItem\",\"position\":3,\"name\":\"CURATEC HIDROGEL\"}]},{\"@type\":\"WebSite\",\"@id\":\"https:\/\/bioxel.com.uy\/web\/#website\",\"url\":\"https:\/\/bioxel.com.uy\/web\/\",\"name\":\"Laboratorio de Medicamentos Bioxel S.A.\",\"description\":\"Bioxel S.A.\",\"publisher\":{\"@id\":\"https:\/\/bioxel.com.uy\/web\/#organization\"},\"alternateName\":\"Laboratorio Bioxel S.A.\",\"potentialAction\":[{\"@type\":\"SearchAction\",\"target\":{\"@type\":\"EntryPoint\",\"urlTemplate\":\"https:\/\/bioxel.com.uy\/web\/?s={search_term_string}\"},\"query-input\":{\"@type\":\"PropertyValueSpecification\",\"valueRequired\":true,\"valueName\":\"search_term_string\"}}],\"inLanguage\":\"es\"},{\"@type\":\"Organization\",\"@id\":\"https:\/\/bioxel.com.uy\/web\/#organization\",\"name\":\"Laboratorio Bioxel S.A\",\"alternateName\":\"Bioxel\",\"url\":\"https:\/\/bioxel.com.uy\/web\/\",\"logo\":{\"@type\":\"ImageObject\",\"inLanguage\":\"es\",\"@id\":\"https:\/\/bioxel.com.uy\/web\/#\/schema\/logo\/image\/\",\"url\":\"https:\/\/bioxel.com.uy\/web\/wp-content\/uploads\/2024\/02\/BIOXEL-LOGO-NEW.png\",\"contentUrl\":\"https:\/\/bioxel.com.uy\/web\/wp-content\/uploads\/2024\/02\/BIOXEL-LOGO-NEW.png\",\"width\":1792,\"height\":790,\"caption\":\"Laboratorio Bioxel S.A\"},\"image\":{\"@id\":\"https:\/\/bioxel.com.uy\/web\/#\/schema\/logo\/image\/\"},\"sameAs\":[\"https:\/\/www.facebook.com\/p\/Bioxel-Uruguay-100075156665285\/\"]}]}<\/script>\n<!-- \/ Yoast SEO plugin. -->","yoast_head_json":{"title":"CURATEC HIDROGEL - Bioxel","robots":{"index":"index","follow":"follow","max-snippet":"max-snippet:-1","max-image-preview":"max-image-preview:large","max-video-preview":"max-video-preview:-1"},"canonical":"https:\/\/bioxel.com.uy\/web\/product\/curatec-hidrogel\/","og_locale":"es_ES","og_type":"article","og_title":"CURATEC HIDROGEL - Bioxel","og_description":"HIDROGEL + \u00c1CIDOS GRASOS ESENCIALES Caja conteniendo 24 pomos de 30g cada uno.  ACCI\u00d3N TERAP\u00c9UTICA Curatec Hidrogel es un gel est\u00e9ril con AGE (\u00c1cidos Grasos Esenciales), que permite finalizar el desbridamiento autol\u00edtico selectivo y promueve el crecimiento del tejido de granulaci\u00f3n. Mantiene el ambiente h\u00famedo ideal para un desbridamiento y curaci\u00f3n indoloros.  INDICACIONES Tratamiento en ambiente h\u00famedo de todo tipo de heridas donde se quiera promover el desbridamiento autol\u00edtico, el crecimiento del tejido de granulaci\u00f3n y la re-epitelizaci\u00f3n.","og_url":"https:\/\/bioxel.com.uy\/web\/product\/curatec-hidrogel\/","og_site_name":"Bioxel","article_publisher":"https:\/\/www.facebook.com\/p\/Bioxel-Uruguay-100075156665285\/","article_modified_time":"2024-03-31T23:24:19+00:00","og_image":[{"width":598,"height":231,"url":"https:\/\/bioxel.com.uy\/web\/wp-content\/uploads\/2024\/02\/CURATEC-HIDROGEL.png","type":"image\/png"}],"twitter_card":"summary_large_image","schema":{"@context":"https:\/\/schema.org","@graph":[{"@type":"WebPage","@id":"https:\/\/bioxel.com.uy\/web\/product\/curatec-hidrogel\/","url":"https:\/\/bioxel.com.uy\/web\/product\/curatec-hidrogel\/","name":"CURATEC HIDROGEL - Bioxel","isPartOf":{"@id":"https:\/\/bioxel.com.uy\/web\/#website"},"primaryImageOfPage":{"@id":"https:\/\/bioxel.com.uy\/web\/product\/curatec-hidrogel\/#primaryimage"},"image":{"@id":"https:\/\/bioxel.com.uy\/web\/product\/curatec-hidrogel\/#primaryimage"},"thumbnailUrl":"https:\/\/bioxel.com.uy\/web\/wp-content\/uploads\/2024\/02\/CURATEC-HIDROGEL.png","datePublished":"2024-02-14T02:42:05+00:00","dateModified":"2024-03-31T23:24:19+00:00","breadcrumb":{"@id":"https:\/\/bioxel.com.uy\/web\/product\/curatec-hidrogel\/#breadcrumb"},"inLanguage":"es","potentialAction":[{"@type":"ReadAction","target":["https:\/\/bioxel.com.uy\/web\/product\/curatec-hidrogel\/"]}]},{"@type":"ImageObject","inLanguage":"es","@id":"https:\/\/bioxel.com.uy\/web\/product\/curatec-hidrogel\/#primaryimage","url":"https:\/\/bioxel.com.uy\/web\/wp-content\/uploads\/2024\/02\/CURATEC-HIDROGEL.png","contentUrl":"https:\/\/bioxel.com.uy\/web\/wp-content\/uploads\/2024\/02\/CURATEC-HIDROGEL.png","width":598,"height":231},{"@type":"BreadcrumbList","@id":"https:\/\/bioxel.com.uy\/web\/product\/curatec-hidrogel\/#breadcrumb","itemListElement":[{"@type":"ListItem","position":1,"name":"Portada","item":"https:\/\/bioxel.com.uy\/web\/"},{"@type":"ListItem","position":2,"name":"Shop","item":"https:\/\/bioxel.com.uy\/web\/shop\/"},{"@type":"ListItem","position":3,"name":"CURATEC HIDROGEL"}]},{"@type":"WebSite","@id":"https:\/\/bioxel.com.uy\/web\/#website","url":"https:\/\/bioxel.com.uy\/web\/","name":"Laboratorio de Medicamentos Bioxel S.A.","description":"Bioxel S.A.","publisher":{"@id":"https:\/\/bioxel.com.uy\/web\/#organization"},"alternateName":"Laboratorio Bioxel S.A.","potentialAction":[{"@type":"SearchAction","target":{"@type":"EntryPoint","urlTemplate":"https:\/\/bioxel.com.uy\/web\/?s={search_term_string}"},"query-input":{"@type":"PropertyValueSpecification","valueRequired":true,"valueName":"search_term_string"}}],"inLanguage":"es"},{"@type":"Organization","@id":"https:\/\/bioxel.com.uy\/web\/#organization","name":"Laboratorio Bioxel S.A","alternateName":"Bioxel","url":"https:\/\/bioxel.com.uy\/web\/","logo":{"@type":"ImageObject","inLanguage":"es","@id":"https:\/\/bioxel.com.uy\/web\/#\/schema\/logo\/image\/","url":"https:\/\/bioxel.com.uy\/web\/wp-content\/uploads\/2024\/02\/BIOXEL-LOGO-NEW.png","contentUrl":"https:\/\/bioxel.com.uy\/web\/wp-content\/uploads\/2024\/02\/BIOXEL-LOGO-NEW.png","width":1792,"height":790,"caption":"Laboratorio Bioxel S.A"},"image":{"@id":"https:\/\/bioxel.com.uy\/web\/#\/schema\/logo\/image\/"},"sameAs":["https:\/\/www.facebook.com\/p\/Bioxel-Uruguay-100075156665285\/"]}]}},"brands":[{"id":38,"name":"CURATEC","slug":"curatec"}],"_links":{"self":[{"href":"https:\/\/bioxel.com.uy\/web\/wp-json\/wp\/v2\/product\/236","targetHints":{"allow":["GET"]}}],"collection":[{"href":"https:\/\/bioxel.com.uy\/web\/wp-json\/wp\/v2\/product"}],"about":[{"href":"https:\/\/bioxel.com.uy\/web\/wp-json\/wp\/v2\/types\/product"}],"replies":[{"embeddable":true,"href":"https:\/\/bioxel.com.uy\/web\/wp-json\/wp\/v2\/comments?post=236"}],"version-history":[{"count":3,"href":"https:\/\/bioxel.com.uy\/web\/wp-json\/wp\/v2\/product\/236\/revisions"}],"predecessor-version":[{"id":675,"href":"https:\/\/bioxel.com.uy\/web\/wp-json\/wp\/v2\/product\/236\/revisions\/675"}],"wp:featuredmedia":[{"embeddable":true,"href":"https:\/\/bioxel.com.uy\/web\/wp-json\/wp\/v2\/media\/241"}],"wp:attachment":[{"href":"https:\/\/bioxel.com.uy\/web\/wp-json\/wp\/v2\/media?parent=236"}],"wp:term":[{"taxonomy":"pwb-brand","embeddable":true,"href":"https:\/\/bioxel.com.uy\/web\/wp-json\/wp\/v2\/pwb-brand?post=236"},{"taxonomy":"product_brand","embeddable":true,"href":"https:\/\/bioxel.com.uy\/web\/wp-json\/wp\/v2\/product_brand?post=236"},{"taxonomy":"product_cat","embeddable":true,"href":"https:\/\/bioxel.com.uy\/web\/wp-json\/wp\/v2\/product_cat?post=236"},{"taxonomy":"product_tag","embeddable":true,"href":"https:\/\/bioxel.com.uy\/web\/wp-json\/wp\/v2\/product_tag?post=236"}],"curies":[{"name":"wp","href":"https:\/\/api.w.org\/{rel}","templated":true}]}}