{"id":653,"date":"2024-03-31T19:58:53","date_gmt":"2024-03-31T22:58:53","guid":{"rendered":"http:\/\/bioxel.com.uy\/web\/?post_type=product&#038;p=653"},"modified":"2024-03-31T19:59:41","modified_gmt":"2024-03-31T22:59:41","slug":"teicoplanina-richet-400mg","status":"publish","type":"product","link":"https:\/\/bioxel.com.uy\/web\/product\/teicoplanina-richet-400mg\/","title":{"rendered":"TEICOPLANINA RICHET 400Mg"},"content":{"rendered":"<p>\u2022\tPrincipioActivo:Teicoplanina(comosals\u00f3dica).<br \/>\n\u2022\tConcentraci\u00f3n:400mg.<br \/>\n\u2022\tFormaFarmac\u00e9utica:Polvo liofilizado para soluci\u00f3n inyectable.<br \/>\n\u2022\tPresentaci\u00f3n:Envase por 1 frasco ampolla con polvo+ampolla con solvente.<br \/>\n\u2022\tReg.M.S.P.:40492<br \/>\n\u2022\tMarca:LaboratorioRichet(Argentina).<\/p>\n","protected":false},"excerpt":{"rendered":"<p>TEICOPLANINA 200 \u2013 400 mg<br \/>\nPolvo liofilizado para Soluci\u00f3n Inyectable.<br \/>\nV\u00eda de administraci\u00f3n: Infusi\u00f3n Intravenosa; Intramuscular; Intravenosa.<br \/>\nConcentraci\u00f3n y presentaci\u00f3n: Caja conteniendo un frasco-ampolla de 200 o 400 mg de Teicoplanina + 1 ampolla con solvente.<\/p>\n<p>La Teicoplanina es un antibi\u00f3tico glucopept\u00eddico usado en la profilaxis y tratamiento de infecciones serias causadas por bacterias Gram Positivas. Es un antibi\u00f3tico glucopept\u00eddico con similar espectro de acci\u00f3n que la Vancomicina, junto con esta \u00faltima es el \u00fanico antibi\u00f3tico comercializado con actividad a los G\u00e9rmenes Meticilin Resistentes, que en los \u00faltimos a\u00f1os han aumentado su prevalencia en m\u00e1s del 60% en algunos casos, como causa de infecci\u00f3n grave de piel y tejidos blandos.<\/p>\n","protected":false},"featured_media":654,"comment_status":"open","ping_status":"closed","template":"","meta":{"inline_featured_image":false,"_monsterinsights_skip_tracking":false,"_monsterinsights_sitenote_active":false,"_monsterinsights_sitenote_note":"","_monsterinsights_sitenote_category":0},"pwb-brand":[36],"product_brand":[],"product_cat":[46,45],"product_tag":[],"class_list":{"0":"post-653","1":"product","2":"type-product","3":"status-publish","4":"has-post-thumbnail","6":"pwb-brand-richet","7":"product_cat-antimicrobianos","8":"product_cat-pharma","10":"first","11":"instock","12":"shipping-taxable","13":"product-type-simple"},"yoast_head":"<!-- This site is optimized with the Yoast SEO plugin v25.4 - https:\/\/yoast.com\/wordpress\/plugins\/seo\/ -->\n<title>TEICOPLANINA RICHET 400Mg - Bioxel<\/title>\n<meta name=\"robots\" content=\"index, follow, max-snippet:-1, max-image-preview:large, max-video-preview:-1\" \/>\n<link rel=\"canonical\" href=\"https:\/\/bioxel.com.uy\/web\/product\/teicoplanina-richet-400mg\/\" \/>\n<meta property=\"og:locale\" content=\"es_ES\" \/>\n<meta property=\"og:type\" content=\"article\" \/>\n<meta property=\"og:title\" content=\"TEICOPLANINA RICHET 400Mg - Bioxel\" \/>\n<meta property=\"og:description\" content=\"TEICOPLANINA 200 \u2013 400 mg Polvo liofilizado para Soluci\u00f3n Inyectable. V\u00eda de administraci\u00f3n: Infusi\u00f3n Intravenosa; Intramuscular; Intravenosa. Concentraci\u00f3n y presentaci\u00f3n: Caja conteniendo un frasco-ampolla de 200 o 400 mg de Teicoplanina + 1 ampolla con solvente.  La Teicoplanina es un antibi\u00f3tico glucopept\u00eddico usado en la profilaxis y tratamiento de infecciones serias causadas por bacterias Gram Positivas. Es un antibi\u00f3tico glucopept\u00eddico con similar espectro de acci\u00f3n que la Vancomicina, junto con esta \u00faltima es el \u00fanico antibi\u00f3tico comercializado con actividad a los G\u00e9rmenes Meticilin Resistentes, que en los \u00faltimos a\u00f1os han aumentado su prevalencia en m\u00e1s del 60% en algunos casos, como causa de infecci\u00f3n grave de piel y tejidos blandos.\" \/>\n<meta property=\"og:url\" content=\"https:\/\/bioxel.com.uy\/web\/product\/teicoplanina-richet-400mg\/\" \/>\n<meta property=\"og:site_name\" content=\"Bioxel\" \/>\n<meta property=\"article:publisher\" content=\"https:\/\/www.facebook.com\/p\/Bioxel-Uruguay-100075156665285\/\" \/>\n<meta property=\"article:modified_time\" content=\"2024-03-31T22:59:41+00:00\" \/>\n<meta property=\"og:image\" content=\"https:\/\/bioxel.com.uy\/web\/wp-content\/uploads\/2024\/03\/TEICOPLANINA-RICHET-400MG.jpg\" \/>\n\t<meta property=\"og:image:width\" content=\"600\" \/>\n\t<meta property=\"og:image:height\" content=\"397\" \/>\n\t<meta property=\"og:image:type\" content=\"image\/jpeg\" \/>\n<meta name=\"twitter:card\" content=\"summary_large_image\" \/>\n<script type=\"application\/ld+json\" class=\"yoast-schema-graph\">{\"@context\":\"https:\/\/schema.org\",\"@graph\":[{\"@type\":\"WebPage\",\"@id\":\"https:\/\/bioxel.com.uy\/web\/product\/teicoplanina-richet-400mg\/\",\"url\":\"https:\/\/bioxel.com.uy\/web\/product\/teicoplanina-richet-400mg\/\",\"name\":\"TEICOPLANINA RICHET 400Mg - Bioxel\",\"isPartOf\":{\"@id\":\"https:\/\/bioxel.com.uy\/web\/#website\"},\"primaryImageOfPage\":{\"@id\":\"https:\/\/bioxel.com.uy\/web\/product\/teicoplanina-richet-400mg\/#primaryimage\"},\"image\":{\"@id\":\"https:\/\/bioxel.com.uy\/web\/product\/teicoplanina-richet-400mg\/#primaryimage\"},\"thumbnailUrl\":\"https:\/\/bioxel.com.uy\/web\/wp-content\/uploads\/2024\/03\/TEICOPLANINA-RICHET-400MG.jpg\",\"datePublished\":\"2024-03-31T22:58:53+00:00\",\"dateModified\":\"2024-03-31T22:59:41+00:00\",\"breadcrumb\":{\"@id\":\"https:\/\/bioxel.com.uy\/web\/product\/teicoplanina-richet-400mg\/#breadcrumb\"},\"inLanguage\":\"es\",\"potentialAction\":[{\"@type\":\"ReadAction\",\"target\":[\"https:\/\/bioxel.com.uy\/web\/product\/teicoplanina-richet-400mg\/\"]}]},{\"@type\":\"ImageObject\",\"inLanguage\":\"es\",\"@id\":\"https:\/\/bioxel.com.uy\/web\/product\/teicoplanina-richet-400mg\/#primaryimage\",\"url\":\"https:\/\/bioxel.com.uy\/web\/wp-content\/uploads\/2024\/03\/TEICOPLANINA-RICHET-400MG.jpg\",\"contentUrl\":\"https:\/\/bioxel.com.uy\/web\/wp-content\/uploads\/2024\/03\/TEICOPLANINA-RICHET-400MG.jpg\",\"width\":600,\"height\":397},{\"@type\":\"BreadcrumbList\",\"@id\":\"https:\/\/bioxel.com.uy\/web\/product\/teicoplanina-richet-400mg\/#breadcrumb\",\"itemListElement\":[{\"@type\":\"ListItem\",\"position\":1,\"name\":\"Portada\",\"item\":\"https:\/\/bioxel.com.uy\/web\/\"},{\"@type\":\"ListItem\",\"position\":2,\"name\":\"Shop\",\"item\":\"https:\/\/bioxel.com.uy\/web\/shop\/\"},{\"@type\":\"ListItem\",\"position\":3,\"name\":\"TEICOPLANINA RICHET 400Mg\"}]},{\"@type\":\"WebSite\",\"@id\":\"https:\/\/bioxel.com.uy\/web\/#website\",\"url\":\"https:\/\/bioxel.com.uy\/web\/\",\"name\":\"Laboratorio de Medicamentos Bioxel S.A.\",\"description\":\"Bioxel S.A.\",\"publisher\":{\"@id\":\"https:\/\/bioxel.com.uy\/web\/#organization\"},\"alternateName\":\"Laboratorio Bioxel S.A.\",\"potentialAction\":[{\"@type\":\"SearchAction\",\"target\":{\"@type\":\"EntryPoint\",\"urlTemplate\":\"https:\/\/bioxel.com.uy\/web\/?s={search_term_string}\"},\"query-input\":{\"@type\":\"PropertyValueSpecification\",\"valueRequired\":true,\"valueName\":\"search_term_string\"}}],\"inLanguage\":\"es\"},{\"@type\":\"Organization\",\"@id\":\"https:\/\/bioxel.com.uy\/web\/#organization\",\"name\":\"Laboratorio Bioxel S.A\",\"alternateName\":\"Bioxel\",\"url\":\"https:\/\/bioxel.com.uy\/web\/\",\"logo\":{\"@type\":\"ImageObject\",\"inLanguage\":\"es\",\"@id\":\"https:\/\/bioxel.com.uy\/web\/#\/schema\/logo\/image\/\",\"url\":\"https:\/\/bioxel.com.uy\/web\/wp-content\/uploads\/2024\/02\/BIOXEL-LOGO-NEW.png\",\"contentUrl\":\"https:\/\/bioxel.com.uy\/web\/wp-content\/uploads\/2024\/02\/BIOXEL-LOGO-NEW.png\",\"width\":1792,\"height\":790,\"caption\":\"Laboratorio Bioxel S.A\"},\"image\":{\"@id\":\"https:\/\/bioxel.com.uy\/web\/#\/schema\/logo\/image\/\"},\"sameAs\":[\"https:\/\/www.facebook.com\/p\/Bioxel-Uruguay-100075156665285\/\"]}]}<\/script>\n<!-- \/ Yoast SEO plugin. -->","yoast_head_json":{"title":"TEICOPLANINA RICHET 400Mg - Bioxel","robots":{"index":"index","follow":"follow","max-snippet":"max-snippet:-1","max-image-preview":"max-image-preview:large","max-video-preview":"max-video-preview:-1"},"canonical":"https:\/\/bioxel.com.uy\/web\/product\/teicoplanina-richet-400mg\/","og_locale":"es_ES","og_type":"article","og_title":"TEICOPLANINA RICHET 400Mg - Bioxel","og_description":"TEICOPLANINA 200 \u2013 400 mg Polvo liofilizado para Soluci\u00f3n Inyectable. V\u00eda de administraci\u00f3n: Infusi\u00f3n Intravenosa; Intramuscular; Intravenosa. Concentraci\u00f3n y presentaci\u00f3n: Caja conteniendo un frasco-ampolla de 200 o 400 mg de Teicoplanina + 1 ampolla con solvente.  La Teicoplanina es un antibi\u00f3tico glucopept\u00eddico usado en la profilaxis y tratamiento de infecciones serias causadas por bacterias Gram Positivas. Es un antibi\u00f3tico glucopept\u00eddico con similar espectro de acci\u00f3n que la Vancomicina, junto con esta \u00faltima es el \u00fanico antibi\u00f3tico comercializado con actividad a los G\u00e9rmenes Meticilin Resistentes, que en los \u00faltimos a\u00f1os han aumentado su prevalencia en m\u00e1s del 60% en algunos casos, como causa de infecci\u00f3n grave de piel y tejidos blandos.","og_url":"https:\/\/bioxel.com.uy\/web\/product\/teicoplanina-richet-400mg\/","og_site_name":"Bioxel","article_publisher":"https:\/\/www.facebook.com\/p\/Bioxel-Uruguay-100075156665285\/","article_modified_time":"2024-03-31T22:59:41+00:00","og_image":[{"width":600,"height":397,"url":"https:\/\/bioxel.com.uy\/web\/wp-content\/uploads\/2024\/03\/TEICOPLANINA-RICHET-400MG.jpg","type":"image\/jpeg"}],"twitter_card":"summary_large_image","schema":{"@context":"https:\/\/schema.org","@graph":[{"@type":"WebPage","@id":"https:\/\/bioxel.com.uy\/web\/product\/teicoplanina-richet-400mg\/","url":"https:\/\/bioxel.com.uy\/web\/product\/teicoplanina-richet-400mg\/","name":"TEICOPLANINA RICHET 400Mg - Bioxel","isPartOf":{"@id":"https:\/\/bioxel.com.uy\/web\/#website"},"primaryImageOfPage":{"@id":"https:\/\/bioxel.com.uy\/web\/product\/teicoplanina-richet-400mg\/#primaryimage"},"image":{"@id":"https:\/\/bioxel.com.uy\/web\/product\/teicoplanina-richet-400mg\/#primaryimage"},"thumbnailUrl":"https:\/\/bioxel.com.uy\/web\/wp-content\/uploads\/2024\/03\/TEICOPLANINA-RICHET-400MG.jpg","datePublished":"2024-03-31T22:58:53+00:00","dateModified":"2024-03-31T22:59:41+00:00","breadcrumb":{"@id":"https:\/\/bioxel.com.uy\/web\/product\/teicoplanina-richet-400mg\/#breadcrumb"},"inLanguage":"es","potentialAction":[{"@type":"ReadAction","target":["https:\/\/bioxel.com.uy\/web\/product\/teicoplanina-richet-400mg\/"]}]},{"@type":"ImageObject","inLanguage":"es","@id":"https:\/\/bioxel.com.uy\/web\/product\/teicoplanina-richet-400mg\/#primaryimage","url":"https:\/\/bioxel.com.uy\/web\/wp-content\/uploads\/2024\/03\/TEICOPLANINA-RICHET-400MG.jpg","contentUrl":"https:\/\/bioxel.com.uy\/web\/wp-content\/uploads\/2024\/03\/TEICOPLANINA-RICHET-400MG.jpg","width":600,"height":397},{"@type":"BreadcrumbList","@id":"https:\/\/bioxel.com.uy\/web\/product\/teicoplanina-richet-400mg\/#breadcrumb","itemListElement":[{"@type":"ListItem","position":1,"name":"Portada","item":"https:\/\/bioxel.com.uy\/web\/"},{"@type":"ListItem","position":2,"name":"Shop","item":"https:\/\/bioxel.com.uy\/web\/shop\/"},{"@type":"ListItem","position":3,"name":"TEICOPLANINA RICHET 400Mg"}]},{"@type":"WebSite","@id":"https:\/\/bioxel.com.uy\/web\/#website","url":"https:\/\/bioxel.com.uy\/web\/","name":"Laboratorio de Medicamentos Bioxel S.A.","description":"Bioxel S.A.","publisher":{"@id":"https:\/\/bioxel.com.uy\/web\/#organization"},"alternateName":"Laboratorio Bioxel S.A.","potentialAction":[{"@type":"SearchAction","target":{"@type":"EntryPoint","urlTemplate":"https:\/\/bioxel.com.uy\/web\/?s={search_term_string}"},"query-input":{"@type":"PropertyValueSpecification","valueRequired":true,"valueName":"search_term_string"}}],"inLanguage":"es"},{"@type":"Organization","@id":"https:\/\/bioxel.com.uy\/web\/#organization","name":"Laboratorio Bioxel S.A","alternateName":"Bioxel","url":"https:\/\/bioxel.com.uy\/web\/","logo":{"@type":"ImageObject","inLanguage":"es","@id":"https:\/\/bioxel.com.uy\/web\/#\/schema\/logo\/image\/","url":"https:\/\/bioxel.com.uy\/web\/wp-content\/uploads\/2024\/02\/BIOXEL-LOGO-NEW.png","contentUrl":"https:\/\/bioxel.com.uy\/web\/wp-content\/uploads\/2024\/02\/BIOXEL-LOGO-NEW.png","width":1792,"height":790,"caption":"Laboratorio Bioxel S.A"},"image":{"@id":"https:\/\/bioxel.com.uy\/web\/#\/schema\/logo\/image\/"},"sameAs":["https:\/\/www.facebook.com\/p\/Bioxel-Uruguay-100075156665285\/"]}]}},"brands":[{"id":36,"name":"RICHET","slug":"richet"}],"_links":{"self":[{"href":"https:\/\/bioxel.com.uy\/web\/wp-json\/wp\/v2\/product\/653","targetHints":{"allow":["GET"]}}],"collection":[{"href":"https:\/\/bioxel.com.uy\/web\/wp-json\/wp\/v2\/product"}],"about":[{"href":"https:\/\/bioxel.com.uy\/web\/wp-json\/wp\/v2\/types\/product"}],"replies":[{"embeddable":true,"href":"https:\/\/bioxel.com.uy\/web\/wp-json\/wp\/v2\/comments?post=653"}],"version-history":[{"count":1,"href":"https:\/\/bioxel.com.uy\/web\/wp-json\/wp\/v2\/product\/653\/revisions"}],"predecessor-version":[{"id":655,"href":"https:\/\/bioxel.com.uy\/web\/wp-json\/wp\/v2\/product\/653\/revisions\/655"}],"wp:featuredmedia":[{"embeddable":true,"href":"https:\/\/bioxel.com.uy\/web\/wp-json\/wp\/v2\/media\/654"}],"wp:attachment":[{"href":"https:\/\/bioxel.com.uy\/web\/wp-json\/wp\/v2\/media?parent=653"}],"wp:term":[{"taxonomy":"pwb-brand","embeddable":true,"href":"https:\/\/bioxel.com.uy\/web\/wp-json\/wp\/v2\/pwb-brand?post=653"},{"taxonomy":"product_brand","embeddable":true,"href":"https:\/\/bioxel.com.uy\/web\/wp-json\/wp\/v2\/product_brand?post=653"},{"taxonomy":"product_cat","embeddable":true,"href":"https:\/\/bioxel.com.uy\/web\/wp-json\/wp\/v2\/product_cat?post=653"},{"taxonomy":"product_tag","embeddable":true,"href":"https:\/\/bioxel.com.uy\/web\/wp-json\/wp\/v2\/product_tag?post=653"}],"curies":[{"name":"wp","href":"https:\/\/api.w.org\/{rel}","templated":true}]}}